Calculate the remainder when 10154 is divided by 2523.
62
Calculate the remainder when 26987 is divided by 39.
38
Calculate the remainder when 8434 is divided by 94.
68
Calculate the remainder when 255406 is divided by 16.
14
What is the remainder when 3517 is divided by 349?
27
Calculate the remainder when 430 is divided by 226.
204
Calculate the remainder when 150725 is divided by 15.
5
What is the remainder when 3145 is divided by 1344?
457
What is the remainder when 3018 is divided by 237?
174
Calculate the remainder when 163017 is divided by 1190.
1177
What is the remainder when 79005 is divided by 24?
21
What is the remainder when 12705 is divided by 455?
420
What is the remainder when 3096717 is divided by 720?
717
Calculate the remainder when 49089 is divided by 528.
513
What is the remainder when 622 is divided by 209?
204
What is the remainder when 89 is divided by 12?
5
What is the remainder when 4357 is divided by 198?
1
What is the remainder when 1839 is divided by 207?
183
Calculate the remainder when 6555 is divided by 293.
109
What is the remainder when 8150 is divided by 7949?
201
What is the remainder when 23234 is divided by 1954?
1740
Calculate the remainder when 1938 is divided by 858.
222
What is the remainder when 4812 is divided by 4755?
57
What is the remainder when 42976 is divided by 8595?
1
Calculate the remainder when 3161726 is divided by 55.
51
Calculate the remainder when 2691 is divided by 112.
3
Calculate the remainder when 1431 is divided by 485.
461
What is the remainder when 9956 is divided by 9942?
14
Calculate the remainder when 531835 is divided by 10.
5
Calculate the remainder when 46949 is divided by 132.
89
What is the remainder when 44786 is divided by 1791?
11
Calculate the remainder when 602115 is divided by 301056.
3
Calculate the remainder when 519 is divided by 8.
7
Calculate the remainder when 47995 is divided by 179.
23
What is the remainder when 16328 is divided by 4003?
316
Calculate the remainder when 1860 is divided by 924.
12
Calculate the remainder when 18598 is divided by 4633.
66
What is the remainder when 224194 is divided by 90?
4
Calculate the remainder when 567358 is divided by 113469.
13
Calculate the remainder when 4551 is divided by 1263.
762
Calculate the remainder when 20647 is divided by 557.
38
What is the remainder when 48358 is divided by 6043?
14
What is the remainder when 7909 is divided by 61?
40
What is the remainder when 6430 is divided by 214?
10
Calculate the remainder when 74150 is divided by 107.
106
Calculate the remainder when 44072 is divided by 14679.
35
What is the remainder when 7403 is divided by 350?
53
Calculate the remainder when 1647 is divided by 521.
84
What is the remainder when 243669 is divided by 42?
27
Calculate the remainder when 15919 is divided by 270.
259
Calculate the remainder when 437013 is divided by 6.
3
Calculate the remainder when 5195 is divided by 52.
47
What is the remainder when 79332 is divided by 79325?
7
What is the remainder when 191155 is divided by 8?
3
Calculate the remainder when 3010 is divided by 49.
21
What is the remainder when 78006 is divided by 5?
1
Calculate the remainder when 229594 is divided by 212.
210
What is the remainder when 11882 is divided by 290?
282
Calculate the remainder when 104527 is divided by 139.
138
Calculate the remainder when 905 is divided by 234.
203
What is the remainder when 205220 is divided by 1267?
1233
Calculate the remainder when 7496 is divided by 333.
170
Calculate the remainder when 17749 is divided by 25.
24
Calculate the remainder when 6770 is divided by 121.
115
What is the remainder when 245455 is divided by 214?
211
Calculate the remainder when 12098 is divided by 29.
5
Calculate the remainder when 40237 is divided by 409.
155
What is the remainder when 5808 is divided by 5808?
0
Calculate the remainder when 21146 is divided by 47.
43
What is the remainder when 5319 is divided by 44?
39
Calculate the remainder when 24383 is divided by 8061.
200
Calculate the remainder when 225779 is divided by 46.
11
Calculate the remainder when 4227 is divided by 714.
657
Calculate the remainder when 6790 is divided by 212.
6
What is the remainder when 2566 is divided by 596?
182
What is the remainder when 8619 is divided by 214?
59
Calculate the remainder when 11440 is divided by 790.
380
What is the remainder when 1024 is divided by 112?
16
What is the remainder when 1855 is divided by 333?
190
Calculate the remainder when 4360 is divided by 4317.
43
Calculate the remainder when 81590 is divided by 13597.
8
What is the remainder when 7524 is divided by 342?
0
What is the remainder when 533285 is divided by 4?
1
Calculate the remainder when 1089702 is divided by 406.
404
What is the remainder when 3629 is divided by 3407?
222
Calculate the remainder when 1513 is divided by 420.
253
Calculate the remainder when 4959 is divided by 88.
31
Calculate the remainder when 181473 is divided by 10081.
15
Calculate the remainder when 305366 is divided by 162.
158
What is the remainder when 1166726 is divided by 116?
114
Calculate the remainder when 3264 is divided by 1593.
78
What is the remainder when 1285 is divided by 1018?
267
What is the remainder when 515458 is divided by 4225?
8
What is the remainder when 75918 is divided by 470?
248
What is the remainder when 3936 is divided by 1883?
170
What is the remainder when 1815 is divided by 70?
65
What is the remainder when 8158 is divided by 86?
74
What is the remainder when 137627 is divided by 9821?
133
What is the remainder when 108745 is divided by 75?
70
Calculate the remainder when 128223 is divided by 7534.
145
Calculate the remainder when 377080 is divided by 818.
800
What is the remainder when 1373 is divided by 16?
13
Calculate the remainder when 706878 is divided by 117811.
12
Calculate the remainder when 1440 is divided by 263.
125
What is the remainder when 66319 is divided by 379?
373
Calculate the remainder when 222035 is divided by 455.
450
Calculate the remainder when 456897 is divided by 1060.
37
What is the remainder when 177125 is divided by 230?
25
What is the remainder when 1595 is divided by 5?
0
What is the remainder when 307500 is divided by 967?
961
Calculate the remainder when 4578 is divided by 31.
21
What is the remainder when 443514 is divided by 210?
204
Calculate the remainder when 381228 is divided by 663.
3
Calculate the remainder when 2865 is divided by 364.
317
What is the remainder when 3898 is divided by 279?
271
Calculate the remainder when 352898 is divided by 113.
112
Calculate the remainder when 14061 is divided by 1003.
19
Calculate the remainder when 659 is divided by 345.
314
Calculate the remainder when 2088 is divided by 149.
2
Calculate the remainder when 16944 is divided by 547.
534
Calculate the remainder when 7544 is divided by 498.
74
Calculate the remainder when 10811 is divided by 5396.
19
Calculate the remainder when 23587 is divided by 4715.
12
Calculate the remainder when 2159 is divided by 134.
15
Calculate the remainder when 546776 is divided by 182258.
2
Calculate the remainder when 5310 is divided by 1791.
1728
Calculate the remainder when 156598 is divided by 10.
8
Calculate the remainder when 318925 is divided by 5595.
10
Calculate the remainder when 1585 is divided by 1561.
24
What is the remainder when 12432 is divided by 890?
862
Calculate the remainder when 426972 is divided by 127.
125
Calculate the remainder when 22338 is divided by 257.
236
Calculate the remainder when 952 is divided by 422.
108
What is the remainder when 130645 is divided by 1574?
3
What is the remainder when 1821 is divided by 19?
16
Calculate the remainder when 159043 is divided by 50.
43
Calculate the remainder when 52792 is divided by 134.
130
What is the remainder when 140 is divided by 17?
4
What is the remainder when 49131 is divided by 12273?
39
Calculate the remainder when 246665 is divided by 123330.
5
Calculate the remainder when 1317 is divided by 129.
27
What is the remainder when 6496 is divided by 10?
6
What is the remainder when 165681 is divided by 55223?
12
What is the remainder when 17163 is divided by 2832?
171
What is the remainder when 5463 is divided by 2710?
43
What is the remainder when